n divisor of 68 and p?
34
Let a(f) = -301*f - 474. Let p be a(-2). Calculate the highest common factor of 8 and p.
8
Suppose -5*a - 90 = -v + 1288, -3*v = -2*a - 4056. What is the highest common factor of v and 4?
4
Let b be 54/(-40)*-52 + 6/(-28 + -2). Calculate the greatest common factor of 224 and b.
14
Let j(t) = 1996*t - 5152. Let v be j(17). Calculate the highest common divisor of 20 and v.
20
Let w = 28 - 28. Suppose 0*p + 114 = p + 2*b, -p + 5*b + 93 = w. What is the greatest common divisor of p and 63?
9
Let r = 54 + -42. Suppose -r = -5*s + 3. Suppose -s*u + 7 = -113. Calculate the greatest common factor of u and 20.
20
Suppose -5*j = -2*o + 3418, 5*j = -2*o - 0*j + 3458. Let f be ((-2)/2 - 1) + o/9. What is the greatest common divisor of f and 42?
21
Let z(n) = n**2 - 10*n - 12. Let h be z(5). Let x = 165 + h. What is the greatest common divisor of 16 and x?
16
Suppose 5 - 9 = o + v, 0 = 3*o - 2*v + 22. Let w be 3 - -5 - 12/o. Calculate the greatest common divisor of w and 15.
5
Let z = -2516 - -3043. What is the greatest common factor of z and 204?
17
Suppose 4 = 372*w - 373*w, -4*w = 2*l - 44. Calculate the highest common factor of l and 3020.
10
Let x be 491 - (-3 + 16 + -17). Calculate the greatest common divisor of x and 1584.
99
Let l be (-2 + 7/((-504)/(-176)))*315/14. What is the highest common factor of l and 325?
5
Suppose y - 15 - 3 = 0. Let w(q) = -q**3 + 13*q**2 + 6*q - 14. Let h be w(12). Suppose -b - h = -220. What is the highest common divisor of y and b?
18
Let k be 8/6 + 12/18. Suppose 0 = -i - k + 4. Let s(t) = 3*t**2 + 4*t + 1. Let u be s(i). What is the greatest common factor of 3 and u?
3
Suppose 2*t = -3*c + 169, 307 - 669 = -4*t + 2*c. What is the highest common factor of 5251 and t?
89
Suppose 31*k + 151 = 180 + 467. Calculate the highest common factor of 26896 and k.
16
Suppose 21*p = 124 - 1006. Let k = p + 112. Calculate the highest common divisor of k and 35.
35
Suppose -4*r = -0*r - 3*o - 98, -3*o = 6. Suppose -4*b + 53 + r = 0. Let n = 28 - b. Calculate the greatest common divisor of n and 27.
9
Suppose 103907 = -141*d - 151*d + 1267235. What is the greatest common divisor of d and 336?
48
Suppose -208*g + 106*g + 111*g = 1449. Calculate the greatest common divisor of g and 1379.
7
Let d be (200/24)/5 - 636005/(-15). Calculate the highest common factor of d and 37.
37
Let d = -13745 - -13758. Let v = 164 + -86. What is the highest common factor of v and d?
13
Let l be 56160/1300*((-2)/(-11) - 561/(-242)). Let v be 24/(1/(2 - 1)). What is the highest common factor of l and v?
12
Suppose u + 2*k = 174, u - 4*k - 123 - 33 = 0. Calculate the greatest common divisor of 567 and u.
21
Let j(n) = -2*n + 102*n**2 - 109*n**2 - 1 - n**3 + 9. Let l be j(-7). Suppose -74 = -3*z + 91. Calculate the highest common factor of z and l.
11
Let j(n) = 77*n - 4025. Let u be j(53). Let r be (-5)/((-20)/(-12)) - -339. Calculate the highest common factor of r and u.
56
Let n = 463 + -455. Suppose -3*d + 14 = -0*q + 2*q, 0 = -5*q - 3*d + 17. Let a be (92 - q) + (0 - 3). Calculate the greatest common factor of n and a.
8
Suppose -o - 3*o = -56. Suppose 0 = -3989932*c + 3989873*c + 3717. What is the greatest common divisor of c and o?
7
Let m = -29121 + 29197. Suppose 0 = -2*v - 5*q + 257 + 148, -5*v = 3*q - 965. What is the highest common factor of v and m?
38
Let d = -3 + -37. Suppose 4*h + 18 = -r - 87, 12 = 4*r. Let p = h - d. What is the highest common divisor of p and 143?
13
Let x = -205 + 209. Suppose z - 122 = -0*p - x*p, -3*z + 149 = 5*p. What is the highest common factor of p and 279?
31
Let t = -604 - -873. Suppose k - 4*v = 65, 0 = -5*k - 3*v - 13 + t. What is the highest common divisor of k and 371?
53
Let w be (104/(-12))/(-2 - 64/(-30)). Let d = 76 + w. Suppose 0 = -l - 2*l + 363. What is the greatest common factor of l and d?
11
Let o = 62 - 44. Suppose -5*p + 20 = -5*s, -2*p - 6 = -4*p + 3*s. Let x be 4/p + 21312/108. What is the greatest common divisor of x and o?
18
Let g = 3693 - 3549. What is the highest common divisor of g and 15?
3
Suppose 2*d + 8 = 3*h - 7*h, 4*d + 2*h = -46. Let g be 4035/35 - ((-18)/d + -1). What is the greatest common divisor of g and 5?
5
Suppose 4*t = -73 + 97. Let y be (-1)/5 + 6/5 + t. Let n = -181 - -230. What is the greatest common factor of n and y?
7
Let x be 37/((-3774)/(-119)) - 101957/(-6). Calculate the greatest common divisor of 58 and x.
58
Suppose -100*s + 15 = -95*s. Let h be 120/72 - 2/s. Calculate the greatest common factor of 5 and h.
1
Suppose -31 + 7 = -6*u. Suppose u*a + 5*o - 20 = 8, a = 2*o - 6. Calculate the highest common factor of 1 and a.
1
Let g(t) = 2*t - 3 - 9*t - 2 + 2 + 24*t**2 + 11. Let w be g(2). What is the greatest common divisor of 110 and w?
10
Let i = -1042 - -1159. Suppose -m + 5*z = -365, 4 = 2*z + 2. Suppose -4*j = 5*k - m, 405 = 5*k - j - 2*j. Calculate the highest common factor of k and i.
39
Let j = -41702 - -42847. What is the highest common divisor of 9389 and j?
229
Suppose -z + p = 24, -3*z - 2*z - 120 = -3*p. Let q = 28 + z. Suppose 0*r + q*r = 108. Calculate the greatest common divisor of 135 and r.
27
Suppose -2*u - 144 = -1658 + 74. Calculate the greatest common factor of u and 261.
9
Let y(k) = -k**3 - k**2 + 2. Let u be (-5)/20 + (-22)/8. Let c be y(u). Let i = 27 + -17. Calculate the greatest common factor of c and i.
10
Suppose 786 + 306 = 12*d. Let w = -43 + d. Calculate the greatest common divisor of w and 24.
24
Let n be (3*-1 + 0)*-5. Suppose 3*u - 914 = -3*l + 5*u, 4*l - 1215 = -u. Let y = l + -229. Calculate the greatest common divisor of n and y.
15
Let n be ((-2484)/(-16))/(-9)*(-76)/3. What is the highest common factor of n and 161?
23
Suppose -5*g + 3*g = -5*s - 11, 5 = -5*s. Suppose 8*j - 560 = g*j. What is the greatest common divisor of j and 140?
28
Let m(r) = -r**3 - 10*r**2 - 3*r + 2. Let y be m(-10). Calculate the highest common divisor of 3680 and y.
32
Suppose -6 = -6*d + 4*d. Suppose z + d*z - 392 = 0. Suppose -4*w = -5*j + 254, -2*j + 2*w = -4*j + z. What is the highest common factor of j and 20?
10
Suppose -10*z - 50160 = -50*z - 36*z. Calculate the highest common divisor of z and 7128.
132
Suppose -66 = 6*u - 132. Suppose 3*k + 2184 = u*k. What is the greatest common factor of k and 39?
39
Let q(d) = -305*d + 17. Let t be q(-1). What is the highest common factor of t and 98?
14
Let t(n) = 103*n**2 + 3*n + 4. Suppose -5*p = 26 - 21. Let k be t(p). Suppose -4 - k = -4*j. Calculate the greatest common divisor of 81 and j.
27
Let u be 28/(-70)*((-116)/2 + -2). Calculate the highest common factor of u and 156.
12
Let w = 68 - 37. Let d = -831 + 955. What is the highest common divisor of w and d?
31
Let c = 14457 - 14371. Calculate the highest common divisor of 43 and c.
43
Let h(f) = 222*f - 3648. Let z be h(17). Let q be (0 - -1)*(0 - -3). Suppose 0*o - 5*o - 9 = -x, -11 = -x + q*o. Calculate the highest common factor of z and x.
14
Suppose -4*a + 3 + 1 = 0, 5*f - 162 = 3*a. Suppose -16*g + 38 = 102. Let p be (35 - f)*(-22)/g. Calculate the greatest common divisor of 33 and p.
11
Suppose 54*y - 213*y + 68168 + 85903 = 0. Calculate the greatest common divisor of y and 17.
17
Let w = 1028 + -1025. Suppose 2*m = -w*n + 147, -2*m = -2*n - 5*m + 98. What is the greatest common divisor of 35 and n?
7
Let g(k) = k**3 + 5*k**2 + 12*k + 94. Let n be g(-5). What is the greatest common divisor of 11 and n?
1
Let w be 6 - ((-9)/(-3))/(-3). Suppose 4*x - 33 = w. Suppose -219*j = -193*j - 260. Calculate the greatest common divisor of x and j.
10
Let h = -32 - -155. Let u = h - 27. What is the greatest common factor of 6 and u?
6
Suppose 208*q + 127840 = 228*q. What is the highest common divisor of q and 272?
136
Let n be (39/(-6) + 2)*((-1904)/6)/4. Calculate the greatest common factor of 1479 and n.
51
Suppose v - 3*w - 4487 = 0, -5*v + 29*w - 27*w = -22435. Calculate the highest common divisor of v and 14.
7
Suppose -4*n - 5*v = -325, 7*v - 320 = -4*n + 3*v. Let r = n - 67. What is the greatest common divisor of r and 184?
8
Let o be (-11165)/(-15) - 14/(-21). Let z = -441 + o. Let g be 339/9 - (-2)/6. What is the greatest common factor of g and z?
38
Let b = -108 - -108. Suppose b = 5*z + 5*i - 175, 10*i - 7*i = -z 